{"id":795,"date":"2021-01-04T20:18:54","date_gmt":"2021-01-04T20:18:54","guid":{"rendered":"https:\/\/vedasan.com.br\/site\/?page_id=795"},"modified":"2021-03-05T11:31:19","modified_gmt":"2021-03-05T11:31:19","slug":"rolamentos-e-mancais","status":"publish","type":"page","link":"https:\/\/vedasan.com.br\/site\/rolamentos-e-mancais\/","title":{"rendered":"Rolamentos e Mancais"},"content":{"rendered":"\t\t<div data-elementor-type=\"wp-post\" data-elementor-id=\"795\" class=\"elementor elementor-795\">\n\t\t\t\t\t\t<section class=\"elementor-section elementor-top-section elementor-element elementor-element-7ac9ca5 elementor-section-boxed elementor-section-height-default elementor-section-height-default\" data-id=\"7ac9ca5\" data-element_type=\"section\" data-e-type=\"section\" data-settings=\"{&quot;background_background&quot;:&quot;classic&quot;}\">\n\t\t\t\t\t\t\t<div class=\"elementor-background-overlay\"><\/div>\n\t\t\t\t\t\t\t<div class=\"elementor-container elementor-column-gap-default\">\n\t\t\t\t\t<div class=\"elementor-column elementor-col-33 elementor-top-column elementor-element elementor-element-fc40e94\" data-id=\"fc40e94\" data-element_type=\"column\" data-e-type=\"column\">\n\t\t\t<div class=\"elementor-widget-wrap\">\n\t\t\t\t\t\t\t<\/div>\n\t\t<\/div>\n\t\t\t\t<div class=\"elementor-column elementor-col-33 elementor-top-column elementor-element elementor-element-90988fe\" data-id=\"90988fe\" data-element_type=\"column\" data-e-type=\"column\">\n\t\t\t<div class=\"elementor-widget-wrap elementor-element-populated\">\n\t\t\t\t\t\t<div class=\"elementor-element elementor-element-4a1c612 elementor-widget elementor-widget-heading\" data-id=\"4a1c612\" data-element_type=\"widget\" data-e-type=\"widget\" data-widget_type=\"heading.default\">\n\t\t\t\t<div class=\"elementor-widget-container\">\n\t\t\t\t\t<h1 class=\"elementor-heading-title elementor-size-default\">Produtos<\/h1>\t\t\t\t<\/div>\n\t\t\t\t<\/div>\n\t\t\t\t\t<\/div>\n\t\t<\/div>\n\t\t\t\t<div class=\"elementor-column elementor-col-33 elementor-top-column elementor-element elementor-element-919f5c1\" data-id=\"919f5c1\" data-element_type=\"column\" data-e-type=\"column\">\n\t\t\t<div class=\"elementor-widget-wrap\">\n\t\t\t\t\t\t\t<\/div>\n\t\t<\/div>\n\t\t\t\t\t<\/div>\n\t\t<\/section>\n\t\t\t\t<section class=\"elementor-section elementor-top-section elementor-element elementor-element-8262e30 elementor-section-content-middle elementor-section-boxed elementor-section-height-default elementor-section-height-default\" data-id=\"8262e30\" data-element_type=\"section\" data-e-type=\"section\" data-settings=\"{&quot;background_background&quot;:&quot;classic&quot;}\">\n\t\t\t\t\t\t\t<div class=\"elementor-background-overlay\"><\/div>\n\t\t\t\t\t\t\t<div class=\"elementor-container elementor-column-gap-no\">\n\t\t\t\t\t<div class=\"elementor-column elementor-col-100 elementor-top-column elementor-element elementor-element-da6ae65\" data-id=\"da6ae65\" data-element_type=\"column\" data-e-type=\"column\">\n\t\t\t<div class=\"elementor-widget-wrap elementor-element-populated\">\n\t\t\t\t\t\t<div class=\"elementor-element elementor-element-2d0144e elementor-tabs-view-horizontal elementor-widget elementor-widget-tabs\" data-id=\"2d0144e\" data-element_type=\"widget\" data-e-type=\"widget\" data-widget_type=\"tabs.default\">\n\t\t\t\t<div class=\"elementor-widget-container\">\n\t\t\t\t\t\t\t<div class=\"elementor-tabs\">\n\t\t\t<div class=\"elementor-tabs-wrapper\" role=\"tablist\" >\n\t\t\t\t\t\t\t\t\t<div id=\"elementor-tab-title-4711\" class=\"elementor-tab-title elementor-tab-desktop-title\" aria-selected=\"true\" data-tab=\"1\" role=\"tab\" tabindex=\"0\" aria-controls=\"elementor-tab-content-4711\" aria-expanded=\"false\">Rolamentos<\/div>\n\t\t\t\t\t\t\t\t\t<div id=\"elementor-tab-title-4712\" class=\"elementor-tab-title elementor-tab-desktop-title\" aria-selected=\"false\" data-tab=\"2\" role=\"tab\" tabindex=\"-1\" aria-controls=\"elementor-tab-content-4712\" aria-expanded=\"false\">Mancais<\/div>\n\t\t\t\t\t\t\t<\/div>\n\t\t\t<div class=\"elementor-tabs-content-wrapper\" role=\"tablist\" aria-orientation=\"vertical\">\n\t\t\t\t\t\t\t\t\t<div class=\"elementor-tab-title elementor-tab-mobile-title\" aria-selected=\"true\" data-tab=\"1\" role=\"tab\" tabindex=\"0\" aria-controls=\"elementor-tab-content-4711\" aria-expanded=\"false\">Rolamentos<\/div>\n\t\t\t\t\t<div id=\"elementor-tab-content-4711\" class=\"elementor-tab-content elementor-clearfix\" data-tab=\"1\" role=\"tabpanel\" aria-labelledby=\"elementor-tab-title-4711\" tabindex=\"0\" hidden=\"false\"><p style=\"text-align: justify; line-height: 115%; background-image: initial; background-position: initial; background-size: initial; background-repeat: initial; background-attachment: initial; background-origin: initial; background-clip: initial;\"><em><span style=\"font-family:&quot;Arial&quot;,sans-serif;color:black;mso-color-alt:windowtext; mso-bidi-font-weight:bold;font-style:normal;mso-bidi-font-style:italic\">Rolamento<\/span><\/em><em><span style=\"font-family:&quot;Arial&quot;,sans-serif;color:black;mso-color-alt:windowtext; font-style:normal;mso-bidi-font-style:italic\">&nbsp;\u00e9 um componente que permite&nbsp;movimento rotativo (controlado ou n\u00e3o) entre dois ou mais elementos. Serve&nbsp;principalmente quando se precisa reduzir o atrito ou fric\u00e7\u00e3o de deslizamento&nbsp;entre as superf\u00edcies de contato (eixos, polias ou mancais de rolamento por<br>exemplo).<\/span><\/em><span style=\"font-family:&quot;Arial&quot;,sans-serif\"><o:p><\/o:p><\/span><\/p>\n<p><\/p>\n<p style=\"text-align: justify; line-height: 115%; background-image: initial; background-position: initial; background-size: initial; background-repeat: initial; background-attachment: initial; background-origin: initial; background-clip: initial;\"><strong><span style=\"font-family:&quot;Arial&quot;,sans-serif;color:black;mso-color-alt:windowtext; font-weight:normal;mso-bidi-font-weight:bold;mso-bidi-font-style:italic\">\u00c9&nbsp;composto de elementos rolantes (esferas, rolos ou agulhas), pista de rolamento e gaiola.<\/span><\/strong><em><span style=\"font-family:&quot;Arial&quot;,sans-serif; color:black;mso-color-alt:windowtext;font-style:normal;mso-bidi-font-style: italic\">&nbsp;Sua fabrica\u00e7\u00e3o \u00e9 normatizada e segue altos padr\u00f5es de qualidade, com medidas controladas e materiais de alta resist\u00eancia como a\u00e7o combinado com cr\u00f3mio ou a\u00e7\u00e3o inox.<\/span><\/em><em><span style=\"font-family:&quot;Arial&quot;,sans-serif; font-style:normal;mso-bidi-font-style:italic\"><o:p><\/o:p><\/span><\/em><\/p>\n<p style=\"text-align: justify; line-height: 115%; background-image: initial; background-position: initial; background-size: initial; background-repeat: initial; background-attachment: initial; background-origin: initial; background-clip: initial;\"><span style=\"font-size: 16px; font-style: normal; font-weight: 400; font-family: Arial, sans-serif; color: black;\">Fornecemos uma linha completa de rolamentos&nbsp;<\/span><span style=\"border-width: 1pt; border-style: none; border-color: windowtext; font-size: 16px; font-style: normal; font-weight: 400; padding: 0cm; background-image: initial; background-position: initial; background-size: initial; background-repeat: initial; background-attachment: initial; background-origin: initial; background-clip: initial; font-family: Arial, sans-serif;\">de esfera, de rolos c\u00f4nicos, axiais,&nbsp;auto compensadores e r\u00f3tulas e de mancais para atender todas as suas necessidades.&nbsp;<\/span><em><span style=\"font-family:&quot;Arial&quot;,sans-serif; color:black;mso-color-alt:windowtext;font-style:normal;mso-bidi-font-style: italic\"><br><\/span><\/em><\/p>\n<p><img fetchpriority=\"high\" decoding=\"async\" class=\"alignleft wp-image-907\" style=\"font-weight: inherit;\" src=\"https:\/\/vedasan.com.br\/site\/wp-content\/uploads\/2021\/01\/rolamentos-300x225.png\" alt=\"\" width=\"350\" height=\"262\" srcset=\"https:\/\/vedasan.com.br\/site\/wp-content\/uploads\/2021\/01\/rolamentos-300x225.png 300w, https:\/\/vedasan.com.br\/site\/wp-content\/uploads\/2021\/01\/rolamentos-768x575.png 768w, https:\/\/vedasan.com.br\/site\/wp-content\/uploads\/2021\/01\/rolamentos-24x18.png 24w, https:\/\/vedasan.com.br\/site\/wp-content\/uploads\/2021\/01\/rolamentos-36x27.png 36w, https:\/\/vedasan.com.br\/site\/wp-content\/uploads\/2021\/01\/rolamentos-48x36.png 48w, https:\/\/vedasan.com.br\/site\/wp-content\/uploads\/2021\/01\/rolamentos.png 796w\" sizes=\"(max-width: 350px) 100vw, 350px\" \/><\/p><\/div>\n\t\t\t\t\t\t\t\t\t<div class=\"elementor-tab-title elementor-tab-mobile-title\" aria-selected=\"false\" data-tab=\"2\" role=\"tab\" tabindex=\"-1\" aria-controls=\"elementor-tab-content-4712\" aria-expanded=\"false\">Mancais<\/div>\n\t\t\t\t\t<div id=\"elementor-tab-content-4712\" class=\"elementor-tab-content elementor-clearfix\" data-tab=\"2\" role=\"tabpanel\" aria-labelledby=\"elementor-tab-title-4712\" tabindex=\"0\" hidden=\"hidden\"><p style=\"text-align: justify; line-height: 115%; background-image: initial; background-position: initial; background-size: initial; background-repeat: initial; background-attachment: initial; background-origin: initial; background-clip: initial;\"><span style=\"font-family:&quot;Arial&quot;,sans-serif;color:black;mso-color-alt:windowtext\">Os&nbsp;<dfn>Mancais&nbsp;<\/dfn>s\u00e3o elementos compostos por&nbsp;<\/span><span style=\"color:black;mso-color-alt: windowtext\"><a href=\"https:\/\/www.abecom.com.br\/unidades-de-rolamento\/\" target=\"_blank\" title=\"Unidades de Rolamentos\"><span style=\"font-family: Arial, sans-serif; color: black;\">unidades de rolamentos<\/span><\/a><\/span><span style=\"font-family:&quot;Arial&quot;,sans-serif;color:black;mso-color-alt:windowtext\">&nbsp;que funcionam como apoio para m\u00e1quinas que possuem eixos ou movimentos girat\u00f3rios. Sua estrutura, geralmente, \u00e9 feita de ferro fundido, o que garante maior resist\u00eancia para a pe\u00e7a.<\/span><span style=\"font-family:&quot;Arial&quot;,sans-serif\"><o:p><\/o:p><\/span><\/p>\n<p style=\"text-align: justify; line-height: 115%; background-image: initial; background-position: initial; background-size: initial; background-repeat: initial; background-attachment: initial; background-origin: initial; background-clip: initial;\"><span style=\"font-family:&quot;Arial&quot;,sans-serif;color:black;mso-color-alt:windowtext\">A sua classifica\u00e7\u00e3o \u00e9 dada basicamente por dois tipos:&nbsp;<strong><span style=\"font-weight: normal;\">Mancal de Rolamento<\/span><\/strong>&nbsp;(ou Mancal Rotativo) e&nbsp;<strong><span style=\"font-weight: normal;\">Mancal de Deslizamento<\/span><\/strong>&nbsp;(ou de bucha).<\/span><\/p>\n<p><img decoding=\"async\" src=\"https:\/\/vedasan.com.br\/site\/wp-content\/uploads\/2021\/01\/mancais-300x200.jpg\" alt=\"\" width=\"350\" height=\"234\"><\/p><\/div>\n\t\t\t\t\t\t\t<\/div>\n\t\t<\/div>\n\t\t\t\t\t\t<\/div>\n\t\t\t\t<\/div>\n\t\t\t\t<div class=\"elementor-element elementor-element-406b712 elementor-widget elementor-widget-button\" data-id=\"406b712\" data-element_type=\"widget\" data-e-type=\"widget\" data-widget_type=\"button.default\">\n\t\t\t\t<div class=\"elementor-widget-container\">\n\t\t\t\t\t\t\t\t\t<div class=\"elementor-button-wrapper\">\n\t\t\t\t\t<a class=\"elementor-button elementor-button-link elementor-size-sm\" href=\"https:\/\/vedasan.com.br\/site\/contatos\/\">\n\t\t\t\t\t\t<span class=\"elementor-button-content-wrapper\">\n\t\t\t\t\t\t\t\t\t<span class=\"elementor-button-text\">Pergunte sobre este Produto<\/span>\n\t\t\t\t\t<\/span>\n\t\t\t\t\t<\/a>\n\t\t\t\t<\/div>\n\t\t\t\t\t\t\t\t<\/div>\n\t\t\t\t<\/div>\n\t\t\t\t\t<\/div>\n\t\t<\/div>\n\t\t\t\t\t<\/div>\n\t\t<\/section>\n\t\t\t\t<\/div>\n\t\t","protected":false},"excerpt":{"rendered":"<p>Our Projects Adventure Water Sports Interdum exercitation penatibus, praesentium facilisi accusamus fermentum, sagittis. Snow Adventure Winter Sports Interdum exercitation penatibus, praesentium facilisi accusamus fermentum, sagittis. Forest Tours Camping Interdum exercitation penatibus, praesentium facilisi accusamus fermentum, sagittis.<\/p>\n","protected":false},"author":1,"featured_media":0,"parent":0,"menu_order":0,"comment_status":"closed","ping_status":"closed","template":"elementor_header_footer","meta":{"site-sidebar-layout":"no-sidebar","site-content-layout":"page-builder","ast-site-content-layout":"default","site-content-style":"default","site-sidebar-style":"default","ast-global-header-display":"","ast-banner-title-visibility":"","ast-main-header-display":"","ast-hfb-above-header-display":"","ast-hfb-below-header-display":"","ast-hfb-mobile-header-display":"","site-post-title":"disabled","ast-breadcrumbs-content":"","ast-featured-img":"disabled","footer-sml-layout":"","ast-disable-related-posts":"","theme-transparent-header-meta":"enabled","adv-header-id-meta":"","stick-header-meta":"","header-above-stick-meta":"","header-main-stick-meta":"","header-below-stick-meta":"","astra-migrate-meta-layouts":"default","ast-page-background-enabled":"default","ast-page-background-meta":{"desktop":{"background-color":"","background-image":"","background-repeat":"repeat","background-position":"center center","background-size":"auto","background-attachment":"scroll","background-type":"","background-media":"","overlay-type":"","overlay-color":"","overlay-opacity":"","overlay-gradient":""},"tablet":{"background-color":"","background-image":"","background-repeat":"repeat","background-position":"center center","background-size":"auto","background-attachment":"scroll","background-type":"","background-media":"","overlay-type":"","overlay-color":"","overlay-opacity":"","overlay-gradient":""},"mobile":{"background-color":"","background-image":"","background-repeat":"repeat","background-position":"center center","background-size":"auto","background-attachment":"scroll","background-type":"","background-media":"","overlay-type":"","overlay-color":"","overlay-opacity":"","overlay-gradient":""}},"ast-content-background-meta":{"desktop":{"background-color":"var(--ast-global-color-5)","background-image":"","background-repeat":"repeat","background-position":"center center","background-size":"auto","background-attachment":"scroll","background-type":"","background-media":"","overlay-type":"","overlay-color":"","overlay-opacity":"","overlay-gradient":""},"tablet":{"background-color":"var(--ast-global-color-5)","background-image":"","background-repeat":"repeat","background-position":"center center","background-size":"auto","background-attachment":"scroll","background-type":"","background-media":"","overlay-type":"","overlay-color":"","overlay-opacity":"","overlay-gradient":""},"mobile":{"background-color":"var(--ast-global-color-5)","background-image":"","background-repeat":"repeat","background-position":"center center","background-size":"auto","background-attachment":"scroll","background-type":"","background-media":"","overlay-type":"","overlay-color":"","overlay-opacity":"","overlay-gradient":""}},"_joinchat":[],"footnotes":""},"class_list":["post-795","page","type-page","status-publish","hentry"],"_links":{"self":[{"href":"https:\/\/vedasan.com.br\/site\/wp-json\/wp\/v2\/pages\/795","targetHints":{"allow":["GET"]}}],"collection":[{"href":"https:\/\/vedasan.com.br\/site\/wp-json\/wp\/v2\/pages"}],"about":[{"href":"https:\/\/vedasan.com.br\/site\/wp-json\/wp\/v2\/types\/page"}],"author":[{"embeddable":true,"href":"https:\/\/vedasan.com.br\/site\/wp-json\/wp\/v2\/users\/1"}],"replies":[{"embeddable":true,"href":"https:\/\/vedasan.com.br\/site\/wp-json\/wp\/v2\/comments?post=795"}],"version-history":[{"count":35,"href":"https:\/\/vedasan.com.br\/site\/wp-json\/wp\/v2\/pages\/795\/revisions"}],"predecessor-version":[{"id":1260,"href":"https:\/\/vedasan.com.br\/site\/wp-json\/wp\/v2\/pages\/795\/revisions\/1260"}],"wp:attachment":[{"href":"https:\/\/vedasan.com.br\/site\/wp-json\/wp\/v2\/media?parent=795"}],"curies":[{"name":"wp","href":"https:\/\/api.w.org\/{rel}","templated":true}]}}